11/(-5))?
4
Let b(x) = -x**3 - 10*x**2 - 2*x + 24. Let a = -32 + 32. Suppose 4*y - 4 = a, u + 21 = -u - y. What is the hundreds digit of b(u)?
1
Let d(c) = 1937*c**2 + 36*c - 73. What is the units digit of d(3)?
8
Suppose 3*v = y - 481, 0 = -3*v + 3 + 9. Suppose -3*u + 8*u - y = m, 181 = 2*u + 5*m. Suppose 3*p = -4*j + 114, p + 3*p + u = 3*j. What is the units digit of j?
0
Suppose -44*u + 23*u + 106*u = 698785. What is the thousands digit of u?
8
Let x = -1982 + 18030. What is the tens digit of x?
4
Let y(p) = 61*p**2 - 13*p. Let f be y(-4). Suppose -9*c + f + 2851 = 0. What is the tens digit of c?
3
What is the thousands digit of ((-10)/55*385/(-70))/((-1)/(-14028))?
4
Let h = -11622 - -26261. What is the thousands digit of h?
4
Let u(k) = -2*k**3 - k**2 - 9*k - 17. Suppose 58*l + 192 = -272. What is the thousands digit of u(l)?
1
Let d be 348/(-10)*10*4/(-12). Let w = d - -485. What is the tens digit of w?
0
Let h = 2 - 0. Let d = 288 - 171. Suppose 2*a + 56 = x, -h*x + a - 2*a + d = 0. What is the tens digit of x?
5
Let q(y) be the second derivative of -y**5/20 - y**4 - y**3/3 - 3*y**2 + 3*y. Let g(n) = -2*n**3 + 12*n**2 - 12. Let v be g(6). What is the units digit of q(v)?
8
Suppose 314 = u + 5*n, 0 = u - 5*u + 2*n + 1366. Suppose -u = -6*z + 99. What is the units digit of z?
3
Let o(l) = 288*l**2 - 95*l + 538. What is the units digit of o(6)?
6
Suppose 235*j - j - 986400 = -166*j. What is the tens digit of j?
6
Let g be 0 - (4 + -1) - -101. Let x be 8/(-40) + g/(-10). What is the units digit of (x/(-5) + -7)/(-1)?
5
Let u = -2 + 0. Suppose q = -4*m - 62 - 551, 603 = -4*m + q. What is the units digit of (-1)/(u + (-300)/m)?
8
Let y(z) = -3666*z - 1162. What is the hundreds digit of y(-3)?
8
Let c = 49918 - -2901. What is the ten thousands digit of c?
5
Let x = -20987 + 37195. What is the hundreds digit of x?
2
Let l = -38679 + 54755. Suppose 20*c - l = -996. What is the units digit of c?
4
Let j be -32 - -25 - (-22)/(-2). Let y = j + 106. What is the tens digit of y?
8
Suppose 0*r - 5*r + 10 = 0. Let a = 269 - 267. Suppose -4*y + a*d = -40, 5*y - r*d - 80 = -7*d. What is the tens digit of y?
1
What is the units digit of (-296550)/(-99) - 78/(-143)?
6
Let x be (-3 - -9) + 0/(-2). What is the tens digit of (5 + 1)/x*997?
9
Suppose a - 1715 = -1720, 2*a = 4*n - 15454. What is the thousands digit of n?
3
Let u(h) be the third derivative of 0 + 2/3*h**3 - 2*h**2 + 0*h - 1/8*h**4. What is the units digit of u(-1)?
7
Let k be (-8)/(-44) - 26/143. What is the units digit of (-3 + -2 - k) + 131?
6
Suppose -128*u - 33*u = 12*u - 9730558. What is the hundreds digit of u?
2
Let p = -5269 - -9264. What is the units digit of p?
5
Suppose 40 = 6*q + 16. Let j(c) = 16*c + 8. Let v be j(q). Suppose 0 = 2*t - 4*w - v, 2*w - 76 = -0*t - 3*t. What is the tens digit of t?
2
Let u(r) = -r**2 + 5*r + 49. Let v be u(11). Let w be (1 - v)*(-7 + (-44)/(-8)). Let z = 59 - w. What is the tens digit of z?
8
Let j(m) = m**3 + 10*m**2 + 9*m + 12. Let b be j(-9). Let d(s) = -2*s**3 + 25*s**2 + 12*s - 3. What is the hundreds digit of d(b)?
2
Let v be -142*((-9)/(-6) + -2). Suppose c = v + 16. What is the units digit of c?
7
Let j = 1262 - 757. Suppose 11 = -4*m + 5*s + j, -m - 4*s + 113 = 0. What is the units digit of m?
1
Let d(y) = 17*y - 6*y**2 - 1130*y**3 + 565*y**3 + 564*y**3 + 37. What is the units digit of d(-9)?
7
Let c = -9 + 103. Let h = c - 103. What is the tens digit of (h/2)/((-1)/50)?
2
Let q(w) = 5*w + 7. Let a be (0 + 0 + 2)*(-5)/(-5). Let t be q(a). Suppose -t*d = -13*d - 664. What is the hundreds digit of d?
1
Suppose 2510 = -3*o + 17834. What is the thousands digit of o?
5
Let g be 18/(-30) + (-6)/(-10). Suppose g = -8*r + 2898 + 2974. What is the tens digit of r?
3
Let k(s) = -118*s + 240*s + 4 - 109*s + 0. Let r(n) = 53*n + 15. Let t(w) = 18*k(w) - 4*r(w). What is the units digit of t(5)?
2
Let n be 561 - 3 - (-3 + 4). Suppose -n = 6*i - 2567. What is the hundreds digit of i?
3
Let t(o) = -7*o**2 - 35*o - 33. Let h be t(-15). Let d = -647 - h. What is the tens digit of d?
3
Suppose -40*o + 9 = -43*o, -o = 3*z. Let t(g) = g**2 + 2*g + 186*g**3 - 5*g + g. What is the tens digit of t(z)?
8
Let r be (-9)/2*(-19142)/51. What is the units digit of -4*(r/(-12) + 3)?
1
Let o be 5/(3 + 112/(-36)). What is the hundreds digit of ((-924)/10)/(9/o)?
4
Let z = -69 - 49. Let l = 123 + z. Suppose l*r = -5*j + 185, -2*r = -0*r - 4*j - 56. What is the tens digit of r?
3
Suppose -259 = -3*j + 2*g, 5*j - 2*g + 0*g - 429 = 0. Let r = j - 1. Suppose r = 2*q + 16. What is the tens digit of q?
3
What is the hundreds digit of 34220 - (-14)/(-4)*100/(-175)?
2
Let u(j) = 11*j**3 + j**2 - 30*j + 230. What is the units digit of u(10)?
0
What is the hundreds digit of ((4 - 1 - -5) + -2606)/(-2)?
2
Let n be (-8882)/(-4) - (4 - 14/4). Let o = n + -1516. What is the tens digit of o?
0
Let o(z) = -10*z + 67. Let s be o(7). What is the tens digit of -1 - (-12010)/70 - s/7?
7
Suppose -4*h - 20264 = -5*c, -2*c - 100*h = -98*h - 8102. What is the tens digit of c?
5
Suppose 4*j + 2437 = -3*m - 3112, 4*m = -3*j - 4160. Let r = j - -2491. What is the hundreds digit of r?
1
Suppose 5*y - s = -804, 302 + 344 = -4*y - 2*s. Let b = 72 - y. Let o = -141 + b. What is the tens digit of o?
9
Let c(z) = z + 26. Let m be c(-21). Let b be 264/55 + 1/m. Suppose 150 = h + b*h. What is the tens digit of h?
2
What is the thousands digit of 84482/11 - 1 - (-160)/(-880)?
7
Let v = -1041 + 1614. Suppose -6*y + 1173 = -v. Suppose -2*j - n = -195, 2*n - y = -5*j + 2*j. What is the units digit of j?
9
Let j = 1416 - -2720. Suppose -10*i + j = i. What is the hundreds digit of i?
3
Suppose -101 = -5*t + d, 4*t + d - 43 = 45. Suppose 0 = -2*w + 4*j + 32, -j - t = 3*w - 62. What is the tens digit of w?
1
Suppose 692193 = 40*b - 11*b + 165379. What is the thousands digit of b?
8
Suppose 5*m = 2*v + 11776, 3*m + 15*v - 7074 = 19*v. What is the tens digit of m?
5
Let c(p) = p**3 - 41*p**2 - 56*p - 75. What is the units digit of c(48)?
5
Let o = 8684 + -4875. Suppose 3*h = 4*k + o - 946, h - 967 = -5*k. What is the units digit of h?
7
Let j(i) be the first derivative of 7*i**4/4 - i**3/3 - i**2/2 + 10*i - 39. What is the hundreds digit of j(3)?
1
Let o(q) = 76*q**2 + q - 67. Let t be o(-7). Suppose t = 5*h - 5*p, 4*h + h - 3*p = 3656. What is the units digit of h?
3
Let r be 2/4*-2 - -3. Suppose j = -m, r*m - 15 = m + 2*j. Suppose -n = -m*q + 420, 5*n - 4*n = -4*q + 345. What is the units digit of q?
5
Suppose -257*p = -244*p - 6734. What is the hundreds digit of p?
5
Let w be (-2941)/(-6) + 36/(-216). Suppose 1008 = 7*m - w. What is the units digit of m?
4
What is the units digit of 59 - (13 - 0 - 182/26)?
3
Let p(l) = 2*l + 2. Let n be p(-1). Suppose 2 = 2*o - 8, -2*t - 4*o + 36 = n. What is the units digit of (2/t + 0)*196?
9
What is the tens digit of (-9 + 3 + 3)/(-3) - (0 + -34)?
3
Let g be (-8 - -13)/((-2)/(-2)). Suppose -73 = -g*l + n, 0*n + n - 2 = 0. What is the tens digit of ((-693)/l)/(-3) + 8/(-20)?
1
Let x = -13832 + 42477. What is the ten thousands digit of x?
2
Let i(c) be the first derivative of 7/3*c**3 + 0*c**2 - 12 + 2*c. What is the tens digit of i(-3)?
6
Let m be (5 + 14/(-4))*(-4)/(-3). Suppose 0 = 5*j - 58 - m. What is the units digit of (-3)/(45/276)*(-30)/j?
6
Suppose 10911 = -3*u + 5*d, 0 = 103*d - 100*d - 9. Let k = -2426 - u. What is the thousands digit of k?
1
Suppose 2*a = -8 - 2, 4*a = 3*y - 89975. What is the thousands digit of y?
9
Suppose 2176 = -36*w - 1064. What is the units digit of 4829/5 + (-108)/w?
7
Let i = 84 - 81. Let u be 58/8 - (i/(-4) - -1). Suppose -5*q = -3*h - 641, u = 4*h - 5. What is the units digit of q?
0
Suppose 7*u + 2*k = 3*u + 758, -4*u = -3*k - 743. Suppose u = 4*q - 0. What is the tens digit of q?
4
Let i(l) = -l**2 - 4*l + 49. Let s be i(5). Suppose q + s*t = 311, q - 2*t = t + 339. What is the units digit of q?
7
Let v = -18 - -39. Suppose 0 = -3*s + 5*n - 25, 3*s = -0*s + 3*n - v. Let p = 29 + s. What is the tens digit of p?
2
Suppose 3*y + 6*a = a + 1093, -4*a + 726 = 2*y. Let u = y - 185. What is the units digit of u?
6
Let j be 4/(-18) + 17/((-1071)/63616). Let y = 2 - j. What is the tens digit of y?
1
Let t = 22122 - 11051. What is the units digit o